at is the thousands digit of 2259?
2
What is the thousands digit of 11626?
1
What is the thousands digit of 83459?
3
What is the thousands digit of 3040?
3
What is the units digit of 8561?
1
What is the tens digit of 8826?
2
What is the units digit of 18851?
1
What is the units digit of 1067?
7
What is the tens digit of 1023?
2
What is the units digit of 3169?
9
What is the thousands digit of 1983?
1
What is the thousands digit of 3416?
3
What is the hundreds digit of 938?
9
What is the hundreds digit of 96762?
7
What is the tens digit of 1821?
2
What is the ten thousands digit of 46233?
4
What is the thousands digit of 5527?
5
What is the thousands digit of 59955?
9
What is the hundreds digit of 610?
6
What is the hundreds digit of 6260?
2
What is the units digit of 178221?
1
What is the hundreds digit of 39641?
6
What is the units digit of 5847?
7
What is the hundreds digit of 28455?
4
What is the units digit of 18902?
2
What is the hundreds digit of 372?
3
What is the hundreds digit of 651?
6
What is the ten thousands digit of 104572?
0
What is the units digit of 53563?
3
What is the thousands digit of 64680?
4
What is the tens digit of 5392?
9
What is the tens digit of 154681?
8
What is the units digit of 128709?
9
What is the units digit of 4061?
1
What is the units digit of 7341?
1
What is the tens digit of 50144?
4
What is the units digit of 13517?
7
What is the thousands digit of 17195?
7
What is the tens digit of 63?
6
What is the units digit of 739?
9
What is the thousands digit of 20765?
0
What is the units digit of 604?
4
What is the ten thousands digit of 35235?
3
What is the units digit of 4042?
2
What is the tens digit of 3625?
2
What is the thousands digit of 64209?
4
What is the units digit of 6695?
5
What is the tens digit of 882?
8
What is the hundreds digit of 2243?
2
What is the tens digit of 492?
9
What is the thousands digit of 11978?
1
What is the ten thousands digit of 11744?
1
What is the units digit of 2378?
8
What is the units digit of 1448?
8
What is the tens digit of 1911?
1
What is the units digit of 432?
2
What is the tens digit of 68994?
9
What is the tens digit of 2981?
8
What is the hundreds digit of 436?
4
What is the thousands digit of 2974?
2
What is the tens digit of 5397?
9
What is the thousands digit of 1618?
1
What is the thousands digit of 68986?
8
What is the units digit of 1?
1
What is the thousands digit of 6141?
6
What is the units digit of 6111?
1
What is the tens digit of 20281?
8
What is the tens digit of 62153?
5
What is the thousands digit of 6348?
6
What is the hundreds digit of 190?
1
What is the units digit of 12?
2
What is the thousands digit of 2691?
2
What is the hundreds digit of 107?
1
What is the units digit of 3302?
2
What is the hundreds digit of 1925?
9
What is the tens digit of 2604?
0
What is the units digit of 3177?
7
What is the ten thousands digit of 27381?
2
What is the tens digit of 15896?
9
What is the hundreds digit of 341?
3
What is the ten thousands digit of 120242?
2
What is the thousands digit of 1418?
1
What is the thousands digit of 25655?
5
What is the units digit of 32936?
6
What is the units digit of 23769?
9
What is the thousands digit of 2389?
2
What is the tens digit of 829?
2
What is the thousands digit of 1355?
1
What is the tens digit of 34?
3
What is the hundreds digit of 10899?
8
What is the tens digit of 51030?
3
What is the hundreds digit of 6578?
5
What is the units digit of 31816?
6
What is the hundreds digit of 127705?
7
What is the tens digit of 145710?
1
What is the ten thousands digit of 10267?
1
What is the thousands digit of 1731?
1
What is the hundreds digit of 4947?
9
What is the hundreds digit of 4238?
2
What is the tens digit of 148098?
9
What is the thousands digit of 1255?
1
What is the thousands digit of 2426?
2
What is the thousands digit of 75767?
5
What is the units digit of 1281?
1
What is the units digit of 1858?
8
What is the units digit of 26716?
6
What is the tens digit of 77364?
6
What is the units digit of 34997?
7
What is the thousands digit of 6841?
6
What is the thousands digit of 72870?
2
What is the hundreds digit of 14650?
6
What is the tens digit of 2536?
3
What is the tens digit of 44948?
4
What is the tens digit of 4834?
3
What is the hundreds digit of 6866?
8
What is the units digit of 530?
0
What is the tens digit of 416?
1
What is the hundreds digit of 69291?
2
What is the tens digit of 7301?
0
What is the units digit of 206?
6
What is the thousands digit of 4842?
4
What is the hundreds digit of 588?
5
What is the hundreds digit of 267?
2
What is the hundreds digit of 17266?
2
What is the thousands digit of 135507?
5
What is the thousands digit of 47709?
7
What is the ten thousands digit of 86155?
8
What is the tens digit of 648?
4
What is the tens digit of 73575?
7
What is the units digit of 6641?
1
What is the units digit of 40?
0
What is the hundreds digit of 13657?
6
What is the thousands digit of 3230?
3
What is the ten thousands digit of 19160?
1
What is the hundreds digit of 5173?
1
What is the ten thousands digit of 25481?
2
What is the ten thousands digit of 49060?
4
What is the units digit of 14?
4
What is the units digit of 41530?
0
What is the hundred thousands digit of 140020?
1
What is the hundreds digit of 2927?
9
What is the units digit of 1378?
8
What is the tens digit of 5770?
7
What is the tens digit of 930?
3
What is the hundreds digit of 163?
1
What is the ten thousands digit of 29550?
2
What is the tens digit of 5298?
9
What is the tens digit of 562?
6
What is the thousands digit of 1348?
1
What is the tens digit of 597?
9
What is the hundreds digit of 30513?
5
What is the thousands digit of 2776?
2
What is the tens digit of 8279?
7
What is the thousands digit of 25498?
5
What is the hundreds digit of 2184?
1
What is the thousands digit of 15280?
5
What is the units digit of 1272?
2
What is the units digit of 1115?
5
What is the units digit of 17669?
9
What is the units digit of 355?
5
What is the thousands digit of 2038?
2
What is the units digit of 13612?
2
What is the ten thousands digit of 23064?
2
What is the tens digit of 3259?
5
What is the tens digit of 37771?
7
What is the hundreds digit of 52757?
7
What is the hundreds digit of 875?
8
What is the hundreds digit of 58081?
0
What is the units digit of 95479?
9
What is the tens digit of 7330?
3
What is the hundreds digit of 2573?
5
What is the thousands digit of 3505?
3
What is the units digit of 8943?
3
What is the hundreds digit of 2080?
0
What is the ten thousands digit of 39845?
3
What is the units digit of 7574?
4
What is the units digit of 833?
3
What is the hundreds digit of 8144?
1
What is the units digit of 1222?
2
What is the ten thousands digit of 35835?
3
What is the tens digit of 32350?
5
What is the hundreds digit of 775?
7
What is the units digit of 8160?
0
What is the units digit of 4630?
0
What is the tens digit of 1296?
9
What is the units digit of 11229?
9
What is the units digit of 22424?
4
What is the hundreds digit of 489?
4
What is the units digit of 10091?
1
What is the units digit of 1714?
4
What is the hundreds digit of 1208?
2
What is the hundreds digit of 525?
5
What is the hundreds digit of 496?
4
What is the hundreds digit of 27080?
0
What is the units digit of 16315?
5
What is the hundreds digit of 60494?
4
What is the tens digit of 1915?
1
What is the hundreds digit of 7446?
4
What is the thousands digit of 9645?
9
What is the thousands digit of 5904?
5
What is the thousands digit of 6027?
6
What is the units digit of 12497?
7
What is the hundreds digit of 1915?
9
What is the thousands digit of 7742?
7
What is the ten thousands digit of 71901?
7
What is the tens digit of 338?
3
What is the hundreds digit of 425?
4
What is the thousands digit of 129750?
9
What is the thousands digit of 11584?
1
What is the tens digit of 5357?
5
What is the hundreds digit of 2163?
1
What is the tens digit of 11657?
5
What is the thousands digit of 3212?
3
What is the hundreds digit of 4436?
4
What is the tens digit of 14556?
5
What is the thousands digit of 3499?
3
What is the hundreds digit of 2832?
8
What is the units digit of 3155?
5
What is the hundreds digit of 637?
6
What is the hundreds digit of 7930?
9
What is th